ainder when 4937 is divided by 3724?
1213
Calculate the remainder when 51163 is divided by 47161.
4002
Calculate the remainder when 60772 is divided by 69.
52
What is the remainder when 1408737 is divided by 164?
141
What is the remainder when 16337894 is divided by 1359?
1355
What is the remainder when 179059185 is divided by 11937279?
0
What is the remainder when 53663591 is divided by 21?
2
Calculate the remainder when 1502071064 is divided by 12.
8
Calculate the remainder when 535445 is divided by 219.
209
What is the remainder when 11732268 is divided by 1369?
1307
Calculate the remainder when 4487126 is divided by 448710.
26
Calculate the remainder when 3313276 is divided by 1641.
97
Calculate the remainder when 340193 is divided by 55495.
7223
Calculate the remainder when 29855942 is divided by 47.
38
Calculate the remainder when 14782338 is divided by 29.
23
Calculate the remainder when 412859 is divided by 1750.
1609
What is the remainder when 11006931 is divided by 22?
1
What is the remainder when 8225516 is divided by 10?
6
Calculate the remainder when 3470253 is divided by 2707.
2586
Calculate the remainder when 141448679 is divided by 85.
9
Calculate the remainder when 3186504 is divided by 932.
928
Calculate the remainder when 342143 is divided by 1069.
63
Calculate the remainder when 1004510 is divided by 3672.
2054
Calculate the remainder when 85883 is divided by 182.
161
Calculate the remainder when 1396505 is divided by 2169.
1838
What is the remainder when 949318 is divided by 101?
19
What is the remainder when 165356 is divided by 1498?
576
Calculate the remainder when 292753 is divided by 447.
415
Calculate the remainder when 91807757 is divided by 128.
13
What is the remainder when 1590530 is divided by 28326?
4274
Calculate the remainder when 1512260 is divided by 22571.
3
What is the remainder when 26454090 is divided by 755831?
5
What is the remainder when 8170601 is divided by 92844?
329
What is the remainder when 2337789 is divided by 45?
39
Calculate the remainder when 1712279 is divided by 214034.
7
What is the remainder when 3292816 is divided by 201?
34
Calculate the remainder when 4043059 is divided by 3219.
3214
Calculate the remainder when 476695 is divided by 66.
43
What is the remainder when 657301 is divided by 41077?
69
Calculate the remainder when 85020 is divided by 3864.
12
What is the remainder when 450064349 is divided by 183?
5
Calculate the remainder when 1009333 is divided by 12748.
2241
Calculate the remainder when 460236 is divided by 2646.
2478
Calculate the remainder when 4889977 is divided by 76.
61
What is the remainder when 233431520 is divided by 1762?
1760
What is the remainder when 7531324 is divided by 7?
3
Calculate the remainder when 23664288 is divided by 58.
56
What is the remainder when 1895815 is divided by 379163?
0
What is the remainder when 149320 is divided by 29850?
70
Calculate the remainder when 258540 is divided by 4683.
975
What is the remainder when 4820694 is divided by 75?
69
What is the remainder when 12619317 is divided by 156?
9
Calculate the remainder when 3206744 is divided by 10728.
9800
What is the remainder when 201524 is divided by 7436?
752
What is the remainder when 2529732 is divided by 22?
18
Calculate the remainder when 9224 is divided by 7384.
1840
What is the remainder when 2010937 is divided by 104?
97
What is the remainder when 299929 is divided by 3524?
389
Calculate the remainder when 3582533 is divided by 10757.
452
Calculate the remainder when 579281 is divided by 96353.
1163
What is the remainder when 5016173 is divided by 528?
173
What is the remainder when 4352368 is divided by 545?
543
Calculate the remainder when 562903 is divided by 769.
764
What is the remainder when 21815998 is divided by 547?
544
Calculate the remainder when 82649916 is divided by 10331231.
68
What is the remainder when 839512 is divided by 279686?
454
What is the remainder when 68798838 is divided by 587?
90
Calculate the remainder when 88092 is divided by 491.
203
What is the remainder when 685050 is divided by 16?
10
Calculate the remainder when 7447007 is divided by 75222.
29
What is the remainder when 36283409 is divided by 1814170?
9
Calculate the remainder when 5444 is divided by 552.
476
Calculate the remainder when 923767 is divided by 209.
196
What is the remainder when 71396 is divided by 3720?
716
Calculate the remainder when 473316 is divided by 77.
74
Calculate the remainder when 247097 is divided by 121796.
3505
What is the remainder when 89711149 is divided by 86?
77
What is the remainder when 90256 is divided by 90252?
4
What is the remainder when 293251 is divided by 208?
179
Calculate the remainder when 562510 is divided by 51073.
707
What is the remainder when 3123212 is divided by 1550?
1512
Calculate the remainder when 1646701 is divided by 9.
7
What is the remainder when 613935 is divided by 339?
6
Calculate the remainder when 6602 is divided by 3254.
94
Calculate the remainder when 4266229 is divided by 995.
664
What is the remainder when 10223273 is divided by 730233?
11
What is the remainder when 2672063 is divided by 37?
34
What is the remainder when 788086 is divided by 15?
1
Calculate the remainder when 86763 is divided by 1846.
1
What is the remainder when 23200471 is divided by 592?
583
Calculate the remainder when 1247197 is divided by 112.
77
Calculate the remainder when 13986065 is divided by 488.
473
What is the remainder when 24141 is divided by 2302?
1121
What is the remainder when 1414178 is divided by 1519?
1508
Calculate the remainder when 66478029 is divided by 50902.
17
Calculate the remainder when 16197483 is divided by 5399150.
33
Calculate the remainder when 33444978 is divided by 65.
8
Calculate the remainder when 79964030 is divided by 112309.
22
Calculate the remainder when 112126 is divided by 27654.
1510
Calculate the remainder when 378881 is divided by 47353.
57
What is the remainder when 78249 is divided by 77744?
505
What is the remainder when 1530427 is divided by 170032?
139
Calculate the remainder when 664525 is divided by 221427.
244
Calculate the remainder when 354288 is divided by 935.
858
What is the remainder when 9297864 is divided by 17744?
8
Calculate the remainder when 656924 is divided by 93843.
23
What is the remainder when 192450 is divided by 94821?
2808
Calculate the remainder when 1373772 is divided by 19.
15
Calculate the remainder when 28103329 is divided by 142.
109
What is the remainder when 15205 is divided by 7109?
987
What is the remainder when 58577 is divided by 9718?
269
Calculate the remainder when 360791 is divided by 1304.
887
What is the remainder when 219842 is divided by 19761?
2471
Calculate the remainder when 39706516 is divided by 156.
148
What is the remainder when 249273 is divided by 282?
267
What is the remainder when 87913661 is divided by 588?
17
Calculate the remainder when 152358 is divided by 76175.
8
What is the remainder when 1293809628 is divided by 10?
8
Calculate the remainder when 436230 is divided by 2507.
12
What is the remainder when 1476553 is divided by 2834?
39
Calculate the remainder when 4948653 is divided by 131.
128
Calculate the remainder when 312091 is divided by 10402.
31
Calculate the remainder when 7054 is divided by 1486.
1110
Calculate the remainder when 103179 is divided by 208.
11
Calculate the remainder when 49358 is divided by 6119.
406
What is the remainder when 37643192 is divided by 1600?
1592
Calculate the remainder when 7706093 is divided by 510.
503
What is the remainder when 1181164 is divided by 99?
94
Calculate the remainder when 12779133 is divided by 1595.
1588
Calculate the remainder when 465397 is divided by 9467.
1514
Calculate the remainder when 2260304 is divided by 3300.
3104
Calculate the remainder when 10086552 is divided by 3362112.
216
Calculate the remainder when 34215507 is divided by 4207.
4183
What is the remainder when 763012 is divided by 4037?
19
Calculate the remainder when 18036661 is divided by 327.
322
Calculate the remainder when 42248832 is divided by 2684.
2672
What is the remainder when 180184769 is divided by 935?
919
Calculate the remainder when 585931 is divided by 36620.
11
What is the remainder when 9189